{"id":358,"date":"2019-07-06T12:54:42","date_gmt":"2019-07-06T10:54:42","guid":{"rendered":"https:\/\/sm-org.de\/?page_id=358"},"modified":"2020-11-05T19:39:28","modified_gmt":"2020-11-05T18:39:28","slug":"projekte","status":"publish","type":"page","link":"https:\/\/sm-org.de\/index.php\/projekte\/","title":{"rendered":"Projekte"},"content":{"rendered":"\n<p>Ein kleiner Auszug \u00fcber meine Projekte an denen ich zur Zeit arbeite oder die ich in letzter Zeit fertiggestellt habe.<\/p>\n\n\n\n<h2 class=\"wp-block-heading\"><a href=\"https:\/\/sm-org.de\/index.php\/projekte\/easycall-v3\/\">Easycall-v3<\/a><\/h2>\n\n\n\n<p>Easycall ist eine f\u00fcr Callcenter entwickelte Software zum Kundenmanagement. (CMS &#8211; CustomerManagementSoftware)<\/p>\n\n\n\n<p>Die Software wurde in enger Zusammenarbeit im Livebetrieb eines Callcenters entwickelt. Enth\u00e4lt also nur Komponenten die im Betreib auch gebraucht werden. Kein unn\u00f6tiger Schnickschnack und mit Button \u00fcberladene Oberfl\u00e4che. Keine Verwirrung durch Funktionen die niemand ben\u00f6tigt.<\/p>\n\n\n\n<p>Der Zugriff erfolgt \u00fcber die \u00fcblichen Webbrowser und ist somit \u00fcberall wo eine Internetanbindung vorhanden ist einsetzbar.<\/p>\n\n\n\n<p>In Verbindung mit einer Asterisk Telefonanlage ist kann \u00fcber die CallMaske der Kunde direkt angew\u00e4hlt werden. Die Siptelefone (Soft oder Hardware) k\u00f6nnen weltweit mit der Anlage verbunden werden. So ist mit wenigen klicks ein Arbeitsplatz am anderen Ende der Welt eingerichtet und es ist als w\u00fcrde man nebenan sitzen.<\/p>\n\n\n\n<p>Weitere Features:<\/p>\n\n\n\n<ul class=\"wp-block-list\"><li>Aus jeder Kundenmaske heraus kann ein Termin erstellt werden<\/li><li>Intelligente Abarbeitung der einzelnen Kampagnen.<\/li><li>Adressen werden sparsam und nachhaltig verwendet. (Keine Papierlisten mehr zum abhaken)<\/li><\/ul>\n","protected":false},"excerpt":{"rendered":"<p>Ein kleiner Auszug \u00fcber meine Projekte an denen ich zur Zeit arbeite oder die ich in letzter Zeit fertiggestellt habe. Easycall-v3 Easycall ist eine f\u00fcr Callcenter entwickelte Software zum Kundenmanagement. (CMS &#8211; CustomerManagementSoftware) Die Software wurde in enger Zusammenarbeit im Livebetrieb eines Callcenters entwickelt. Enth\u00e4lt also nur Komponenten die im Betreib auch gebraucht werden. Kein [&hellip;]<\/p>\n","protected":false},"author":1,"featured_media":0,"parent":0,"menu_order":0,"comment_status":"closed","ping_status":"closed","template":"","meta":{"footnotes":""},"class_list":["post-358","page","type-page","status-publish","hentry","post"],"_links":{"self":[{"href":"https:\/\/sm-org.de\/index.php\/wp-json\/wp\/v2\/pages\/358","targetHints":{"allow":["GET"]}}],"collection":[{"href":"https:\/\/sm-org.de\/index.php\/wp-json\/wp\/v2\/pages"}],"about":[{"href":"https:\/\/sm-org.de\/index.php\/wp-json\/wp\/v2\/types\/page"}],"author":[{"embeddable":true,"href":"https:\/\/sm-org.de\/index.php\/wp-json\/wp\/v2\/users\/1"}],"replies":[{"embeddable":true,"href":"https:\/\/sm-org.de\/index.php\/wp-json\/wp\/v2\/comments?post=358"}],"version-history":[{"count":5,"href":"https:\/\/sm-org.de\/index.php\/wp-json\/wp\/v2\/pages\/358\/revisions"}],"predecessor-version":[{"id":700,"href":"https:\/\/sm-org.de\/index.php\/wp-json\/wp\/v2\/pages\/358\/revisions\/700"}],"wp:attachment":[{"href":"https:\/\/sm-org.de\/index.php\/wp-json\/wp\/v2\/media?parent=358"}],"curies":[{"name":"wp","href":"https:\/\/api.w.org\/{rel}","templated":true}]}}